is the ten thousands digit of 657820626?
2
What is the hundred thousands digit of 6385139876?
1
What is the ten thousands digit of 2095598369?
9
What is the ten millions digit of 2789736847?
8
What is the ten thousands digit of 41279368?
7
What is the ten millions digit of 651637735?
5
What is the hundred thousands digit of 1058993055?
9
What is the tens digit of 192296284?
8
What is the hundred thousands digit of 333440685?
4
What is the ten millions digit of 113078062?
1
What is the ten millions digit of 1250325567?
5
What is the hundreds digit of 1084246373?
3
What is the units digit of 76192830?
0
What is the ten thousands digit of 119461113?
6
What is the thousands digit of 1429674?
9
What is the ten millions digit of 681269069?
8
What is the units digit of 263278435?
5
What is the hundred millions digit of 199490683?
1
What is the thousands digit of 4392704342?
4
What is the hundreds digit of 1726217923?
9
What is the thousands digit of 36624900?
4
What is the hundreds digit of 4599801553?
5
What is the tens digit of 92049348?
4
What is the thousands digit of 10751961?
1
What is the hundred thousands digit of 75642990?
6
What is the millions digit of 969522539?
9
What is the hundred thousands digit of 114691113?
6
What is the hundred millions digit of 2049320942?
0
What is the millions digit of 15757331?
5
What is the thousands digit of 464759262?
9
What is the tens digit of 614772527?
2
What is the tens digit of 492704656?
5
What is the tens digit of 1586428202?
0
What is the thousands digit of 641714737?
4
What is the ten thousands digit of 24612100?
1
What is the millions digit of 348971118?
8
What is the hundred thousands digit of 1940842019?
8
What is the hundred millions digit of 2162703520?
1
What is the hundreds digit of 94449803?
8
What is the tens digit of 238482547?
4
What is the hundred millions digit of 1027419023?
0
What is the tens digit of 53129640?
4
What is the units digit of 25376541?
1
What is the hundreds digit of 92609349?
3
What is the thousands digit of 1162976620?
6
What is the ten millions digit of 614832572?
1
What is the millions digit of 85774141?
5
What is the ten millions digit of 246656062?
4
What is the ten millions digit of 31539626?
3
What is the hundred millions digit of 2028282426?
0
What is the ten millions digit of 52910463?
5
What is the units digit of 6340821?
1
What is the tens digit of 3477253809?
0
What is the millions digit of 5518581?
5
What is the millions digit of 519612698?
9
What is the ten millions digit of 87556888?
8
What is the millions digit of 13952964?
3
What is the hundreds digit of 582668920?
9
What is the hundred thousands digit of 115924400?
9
What is the ten millions digit of 1876161150?
7
What is the thousands digit of 359077745?
7
What is the thousands digit of 56000787?
0
What is the ten thousands digit of 23404144?
0
What is the hundreds digit of 62965916?
9
What is the ten millions digit of 2794630532?
9
What is the thousands digit of 90396217?
6
What is the millions digit of 1445973547?
5
What is the ten thousands digit of 259021649?
2
What is the hundred thousands digit of 16393726?
3
What is the millions digit of 321305458?
1
What is the millions digit of 19674945?
9
What is the hundreds digit of 217349273?
2
What is the hundred thousands digit of 3191976913?
9
What is the ten millions digit of 14692003?
1
What is the hundred thousands digit of 1193483026?
4
What is the ten millions digit of 88193940?
8
What is the hundreds digit of 101242225?
2
What is the units digit of 44054392?
2
What is the hundreds digit of 47224775?
7
What is the ten thousands digit of 765859867?
5
What is the thousands digit of 2913824652?
4
What is the hundred millions digit of 264459940?
2
What is the ten millions digit of 103364212?
0
What is the millions digit of 808865200?
8
What is the millions digit of 257792781?
7
What is the tens digit of 1348213839?
3
What is the tens digit of 39743361?
6
What is the ten millions digit of 699582195?
9
What is the hundred thousands digit of 2385634113?
6
What is the units digit of 735841443?
3
What is the hundred thousands digit of 389973800?
9
What is the units digit of 23594632?
2
What is the tens digit of 11685207?
0
What is the units digit of 48568736?
6
What is the ten thousands digit of 217164383?
6
What is the ten millions digit of 110130594?
1
What is the millions digit of 100740539?
0
What is the hundred thousands digit of 16314580?
3
What is the hundred millions digit of 702413455?
7
What is the tens digit of 837293658?
5
What is the ten thousands digit of 13410343?
1
What is the ten thousands digit of 2810303938?
0
What is the hundred millions digit of 320898725?
3
What is the hundred thousands digit of 40360617?
3
What is the tens digit of 1647009253?
5
What is the thousands digit of 1466974736?
4
What is the units digit of 4084151775?
5
What is the hundred thousands digit of 2381213520?
2
What is the ten thousands digit of 306010798?
1
What is the hundred thousands digit of 327542230?
5
What is the millions digit of 17944222?
7
What is the millions digit of 1840283612?
0
What is the units digit of 130700718?
8
What is the hundred thousands digit of 4711137?
7
What is the thousands digit of 391503107?
3
What is the units digit of 4866450?
0
What is the tens digit of 449009497?
9
What is the ten millions digit of 89381309?
8
What is the hundreds digit of 509195805?
8
What is the ten thousands digit of 119959475?
5
What is the hundreds digit of 29567193?
1
What is the units digit of 206069062?
2
What is the thousands digit of 68182111?
2
What is the millions digit of 855703346?
5
What is the tens digit of 4413185603?
0
What is the hundreds digit of 1700598496?
4
What is the millions digit of 33506972?
3
What is the hundred millions digit of 4262316888?
2
What is the ten thousands digit of 115338700?
3
What is the ten thousands digit of 722748678?
4
What is the thousands digit of 20826130?
6
What is the hundreds digit of 193705715?
7
What is the millions digit of 57723621?
7
What is the ten millions digit of 153383679?
5
What is the ten millions digit of 118282479?
1
What is the units digit of 27175209?
9
What is the tens digit of 165347779?
7
What is the ten thousands digit of 97552109?
5
What is the ten millions digit of 32257016?
3
What is the units digit of 66941496?
6
What is the ten millions digit of 1026918549?
2
What is the hundreds digit of 597404321?
3
What is the billions digit of 1805329971?
1
What is the millions digit of 40196884?
0
What is the ten millions digit of 4426333942?
2
What is the hundred millions digit of 166182882?
1
What is the thousands digit of 8740442?
0
What is the hundred thousands digit of 80954356?
9
What is the thousands digit of 1421376784?
6
What is the units digit of 3293511656?
6
What is the ten thousands digit of 231661132?
6
What is the units digit of 1411020338?
8
What is the ten millions digit of 69992987?
6
What is the millions digit of 46994506?
6
What is the thousands digit of 94498321?
8
What is the millions digit of 1649316928?
9
What is the tens digit of 6051633653?
5
What is the ten thousands digit of 7530109883?
0
What is the ten millions digit of 113060144?
1
What is the hundred thousands digit of 2931753323?
7
What is the units digit of 1651287985?
5
What is the tens digit of 35588256?
5
What is the hundred millions digit of 1884395601?
8
What is the thousands digit of 16073541?
3
What is the tens digit of 371618589?
8
What is the thousands digit of 39053363?
3
What is the thousands digit of 1009403818?
3
What is the hundreds digit of 1307318941?
9
What is the hundred thousands digit of 256694638?
6
What is the ten millions digit of 2332420228?
3
What is the thousands digit of 43739712?
9
What is the millions digit of 56083113?
6
What is the thousands digit of 1545513193?
3
What is the millions digit of 66435908?
6
What is the millions digit of 244785507?
4
What is the hundred thousands digit of 1503744644?
7
What is the hundred millions digit of 142113518?
1
What is the millions digit of 8953394?
8
What is the hundreds digit of 2235138?
1
What is the ten millions digit of 1544004669?
4
What is the millions digit of 2468472?
2
What is the hundreds digit of 261392145?
1
What is the thou